{"id":1614,"date":"2025-01-20T17:14:25","date_gmt":"2025-01-20T16:14:25","guid":{"rendered":"https:\/\/sundwigermuehle.de\/produkt\/dinkelnudeln-penne-ohne-ei-500g\/"},"modified":"2025-02-05T17:59:02","modified_gmt":"2025-02-05T16:59:02","slug":"dinkelnudeln-penne-ohne-ei-500g","status":"publish","type":"product","link":"https:\/\/sundwigermuehle.de\/?product=dinkelnudeln-penne-ohne-ei-500g","title":{"rendered":"Dinkelnudeln Penne ohne Ei 500g"},"content":{"rendered":"<p>Dinkelnudeln aus der Osterm\u00fchle in Baden-W\u00fcrttemberg. Bereits seit 1297 werden in der Osterm\u00fchle in Langenau Lebensmittel hergestellt. Heute ist die Produktion auf Dinkelnudeln spezialisiert, was sich in der Qualit\u00e4t der Produkte bemerkbar macht.<\/p>\n<p><u>N\u00c4HRWERTE PRO 100g<\/u><\/p>\n<p>Energie: 1518kj \/ 358kcal<br \/>\nFett: 1,7g<br \/>\ndavon ges\u00e4ttigte Fetts\u00e4uren: 0,4g<br \/>\nKohlenhydrate: 72,4g<br \/>\ndavon Zucker: 2,7g<br \/>\nBallaststoffe: 2,8g<br \/>\nEiwei\u00df: 11,9g<br \/>\nSalz: 0,00g<\/p>\n<p>Kann Spuren von Ei enthalten.<\/p>\n","protected":false},"excerpt":{"rendered":"<p>Dinkelnudeln aus der Osterm\u00fchle in Baden-W\u00fcrttemberg. Bereits seit 1297 werden in der Osterm\u00fchle in Langenau Lebensmittel hergestellt. Heute ist die Produktion auf Dinkelnudeln spezialisiert, was sich in der Qualit\u00e4t der Produkte bemerkbar macht. N\u00c4HRWERTE PRO 100g Energie: 1518kj \/ 358kcal Fett: 1,7g davon ges\u00e4ttigte Fetts\u00e4uren: 0,4g Kohlenhydrate: 72,4g davon Zucker: 2,7g Ballaststoffe: 2,8g Eiwei\u00df: 11,9g [&hellip;]<\/p>\n","protected":false},"featured_media":1733,"comment_status":"open","ping_status":"closed","template":"","meta":[],"product_brand":[],"product_cat":[60],"product_tag":[],"class_list":{"0":"post-1614","1":"product","2":"type-product","3":"status-publish","4":"has-post-thumbnail","6":"product_cat-nudeln","7":"product_shipping_class-standard","9":"first","10":"instock","11":"taxable","12":"shipping-taxable","13":"purchasable","14":"product-type-simple"},"_links":{"self":[{"href":"https:\/\/sundwigermuehle.de\/index.php?rest_route=\/wp\/v2\/product\/1614","targetHints":{"allow":["GET"]}}],"collection":[{"href":"https:\/\/sundwigermuehle.de\/index.php?rest_route=\/wp\/v2\/product"}],"about":[{"href":"https:\/\/sundwigermuehle.de\/index.php?rest_route=\/wp\/v2\/types\/product"}],"replies":[{"embeddable":true,"href":"https:\/\/sundwigermuehle.de\/index.php?rest_route=%2Fwp%2Fv2%2Fcomments&post=1614"}],"wp:featuredmedia":[{"embeddable":true,"href":"https:\/\/sundwigermuehle.de\/index.php?rest_route=\/wp\/v2\/media\/1733"}],"wp:attachment":[{"href":"https:\/\/sundwigermuehle.de\/index.php?rest_route=%2Fwp%2Fv2%2Fmedia&parent=1614"}],"wp:term":[{"taxonomy":"product_brand","embeddable":true,"href":"https:\/\/sundwigermuehle.de\/index.php?rest_route=%2Fwp%2Fv2%2Fproduct_brand&post=1614"},{"taxonomy":"product_cat","embeddable":true,"href":"https:\/\/sundwigermuehle.de\/index.php?rest_route=%2Fwp%2Fv2%2Fproduct_cat&post=1614"},{"taxonomy":"product_tag","embeddable":true,"href":"https:\/\/sundwigermuehle.de\/index.php?rest_route=%2Fwp%2Fv2%2Fproduct_tag&post=1614"}],"curies":[{"name":"wp","href":"https:\/\/api.w.org\/{rel}","templated":true}]}}